- 4757, 2*v + r*v + 1914 = 2*d. Is d composite?
False
Suppose 3 - 5 = -j. Suppose 14 + 8 = 4*c - j*l, -4*l = -5*c + 35. Suppose 4*r = -c*r + 19649. Is r a composite number?
True
Let u be 33/11*35/15. Let c(b) = 9*b**3 + b**2 - 14*b + 45. Is c(u) a composite number?
False
Let k = -246314 - -368001. Is k prime?
True
Suppose -4*v - 3 = -23. Suppose -v*j - 179 = -u + 187, 3*j + 6 = 0. Let a = -102 + u. Is a prime?
False
Let u = 95 + -60. Suppose -u*j + 39*j = 121756. Is j composite?
True
Let b(x) = 3*x**3 + 20*x**2 - 28*x - 57. Let i(s) = s**3 + 9*s**2 - 14*s - 29. Let r(g) = -3*b(g) + 7*i(g). Is r(-11) prime?
False
Suppose 7*p = 4*p + 3*n + 983814, 1311749 = 4*p - n. Is p a composite number?
True
Is ((-1386932)/12)/((-5)/15) a prime number?
False
Let i(f) = 19*f**3 - 3*f**2 + 4*f - 1. Let k be i(1). Suppose k = -2*c + 23. Suppose -3*n + 5*o = -936, -6*n + 1234 = -2*n - c*o. Is n a composite number?
False
Is (68276/(-39) - 3)*12/(-4) prime?
True
Let s(g) = -232*g + 150. Let m be s(-9). Let u = m - 1253. Is u composite?
True
Let c be -1*3 - (-2)/((-24)/(-17364)). Is (-9 + 5 - 1) + c a prime number?
True
Let o = 2324764 + -572045. Is o a prime number?
True
Suppose v = -t - 0*v + 11, t - 21 = 4*v. Let f(l) = 23*l - 10 + 25 - l. Is f(t) a composite number?
True
Let k(d) = 29189*d**2 + 28*d + 236. Is k(-5) a composite number?
False
Let l = -145 - -236. Let k = -86 + l. Suppose 4*t - 3576 = -k*y, 5*t - 5*y = 1501 + 2924. Is t prime?
False
Suppose 772083 = 3*i - 5*h, 2*i - 4*h = i + 257347. Is i a prime number?
True
Is (170700/(-1200))/(2/(-904) + 0) a prime number?
False
Let y(h) = -h**3 + 12*h**2 + 6*h - 9. Let p be y(12). Let g = 86 - p. Suppose -z + 122 = -g. Is z composite?
True
Let f = 1888756 - 43155. Is f prime?
True
Let w(m) = -6439*m**3 + 5*m + 6. Let v be w(-2). Suppose 11425 + v = 13*c. Is c composite?
True
Let q = 18083 - 3366. Suppose 2*t = q - 4779. Is t composite?
False
Suppose -90*a - 15150 = -93*a. Let y = 8049 - a. Is y composite?
False
Let j = -17 + 64. Suppose 35*c - j*c + 7572 = 0. Is c a composite number?
False
Suppose 60084 = k - 73789. Is k prime?
True
Suppose -155*p = -p - 23653322. Is p composite?
True
Suppose -3*k - 7218 = -6*k + 3*n, 5*k + 3*n - 12006 = 0. Suppose 9*c + k = -711. Let r = 579 + c. Is r prime?
True
Let g be (0 + -8)*(-29652)/56. Let v = g + -2575. Is v prime?
False
Suppose 0 = 441*m - 883*m + 461*m - 2158229. Is m prime?
True
Suppose -2*i = -5*i + 9. Suppose -w + 2996 = -i*l, -5*w + 5*l + 5189 + 9841 = 0. Is w prime?
True
Suppose 3*u + 0*u = u. Suppose u = -l + s + 196, -l = -3*l - 5*s + 378. Is l prime?
False
Let o(i) = 2*i**2 - 13*i - 3. Let h be o(5). Let y be 25/(-2) + (-9)/h. Let c(d) = -35*d - 11. Is c(y) composite?
False
Suppose 0 = -8*d - 24*d + 172128. Suppose 0 = 5*t - 15, 4*c - 3*t - d - 3016 = 0. Is c prime?
False
Let i(k) = 2292*k - 3211. Is i(99) a composite number?
False
Let t = 565358 - 397459. Is t a prime number?
True
Suppose 99 = -3*m + 4*x, -x = 5*m + 3*x + 165. Let r be 72/88 + (-6)/m. Let h(s) = 3366*s**2 + s - 2. Is h(r) a prime number?
False
Let y(c) = c**3 - 11*c**2 - 10*c + 5. Suppose 3*z = -3*l + 39, 2*z - 10 = z + 2*l. Let f be y(z). Suppose -f*i + 2721 = -28*i. Is i a composite number?
True
Let t = 60070 + -7979. Is t a composite number?
True
Suppose -57936161 = -463*u - 45*u + 92524803. Is u a prime number?
True
Let c(u) = 2*u + 4. Let l(o) = -o**2 + 2*o. Let r be l(2). Let q be c(r). Suppose 0 = q*z - 5*n - 5063, n + 2530 = 2*z - 3*n. Is z a prime number?
False
Suppose -3*n - 3*g + 486762 = -1056603, -2*n + 5*g = -1028896. Is n composite?
False
Let w(z) = -2320*z + 1229. Is w(-6) a prime number?
True
Let b(r) = -46*r**3 - 4*r**2 - 5*r + 3. Let j be 5 - -5*(-36)/20. Is b(j) prime?
True
Suppose -6*n = -9*n, i = -4*n + 2*n + 131659. Is i a prime number?
False
Suppose 2*r + 16*r = -453215 + 3190493. Is r prime?
False
Let d(a) be the first derivative of a**3/3 - 33*a**2/2 - 131*a - 79. Is d(-18) composite?
False
Suppose 5*c - 7034279 = 2575*w - 2579*w, -7034258 = -4*w + 2*c. Is w a composite number?
True
Let x(d) = -8144*d + 21. Let y be x(-20). Suppose 4*k - y - 45942 = -5*l, 83533 = 2*l + 3*k. Is l a prime number?
True
Suppose -17*b - 386 = -19*b. Let g(s) = b*s + 49 + 162*s + 62*s. Is g(8) composite?
True
Suppose -9*f - 117066 = -2*q - 11*f, 3*q - 175595 = -4*f. Is q prime?
True
Let i = 3836 - 2506. Suppose 10666 = 4*t - i. Is t a prime number?
True
Let q(p) = -p**2 - 6*p - 4. Let s be q(-6). Let m(f) = 68*f**2 + 4*f + 8. Let v(x) = -67*x**2 - 3*x - 7. Let d(u) = -6*m(u) - 7*v(u). Is d(s) composite?
True
Let i be 10/4 + (-2)/(-4). Suppose -3*y - 3*w = 52 + 14, -3*w = i. Let g(k) = k**2 + 16*k - 19. Is g(y) a composite number?
True
Suppose -3 = -i + 1. Suppose 106 = 26*u + 28. Is (1 - u)*(-22114)/i prime?
True
Is (5 - 231/49)/((-1)/(-7)) - -39755 prime?
False
Let n = 435 + -441. Let l(h) = -20*h**3 + 3*h**2 + 6*h - 19. Is l(n) prime?
True
Let y = 576 + -256. Suppose -b = b - y. Let s = b + -101. Is s a composite number?
False
Let n = -343451 + 1545381. Suppose n + 21614 = 56*h. Is h prime?
False
Suppose -5 = -2*l - 4*s + 9, 4*s - 35 = -5*l. Is (1*1642)/(l/(952/16)) prime?
False
Let m(c) = 294*c**3 + 2*c**2 - 2*c + 5. Let n be 4 + 1*(-5)/(-10)*-4. Is m(n) prime?
False
Let u be 4/32 - 8/64. Let v be (1 - -986) + (u - 1) + 3. Let s = -520 + v. Is s a prime number?
False
Let h(n) be the first derivative of -55*n**2/2 + 82*n - 34. Is h(-21) prime?
True
Let u(v) = v - 2. Let i be u(0). Let h be 1030 + i/(-6)*3. Suppose -2332 = -3*d + h. Is d a composite number?
True
Let n(i) = -5540*i + 4377. Is n(-44) prime?
True
Suppose 0 = 96*b - 2129850 - 543069 - 791049. Is b composite?
False
Let b(v) = 19*v - 5. Let y(p) = 18*p - 4. Let o(d) = -6*b(d) + 7*y(d). Suppose 0*f = -3*f + 2*t - 7, 2*t - 15 = -5*f. Is o(f) a composite number?
True
Let q = -165575 + 666216. Is q composite?
True
Suppose -3*s - s - 5 = -z, 48 = 5*z + 3*s. Suppose -5*c = -z*c + 16. Suppose 5*d - 10769 = -w, -d = -c*w - 139 - 1998. Is d a composite number?
False
Let c(x) = 9*x**3 + 3*x - 3. Let m be c(1). Let i be -2 + 4230 + -10 + m. Suppose 3*l - l = 3*v - i, -3*l = -3*v + 4224. Is v a composite number?
True
Suppose -11*v = -706393 + 130422. Is v a composite number?
False
Is ((-1)/2)/((-311692619)/103897526 - -3) a prime number?
True
Suppose -l = 2*b - 5, l - 5 = 4*b - 3*b. Suppose b = x + 1 + 3, -r - 2*x = -5319. Is r a prime number?
False
Is ((-569238)/24)/(4/(-16)) composite?
False
Let k be 6 + 2 + 10/(-2). Suppose 0 = -k*d + 9*d - 14574. Is d prime?
False
Let m(z) be the third derivative of -5*z**2 + 25/6*z**3 + 1/3*z**5 + 23/24*z**4 + 0 + 0*z - 1/120*z**6. Is m(21) prime?
True
Suppose 5*m = 2*q + 108, -4*m - 4*q = -m - 44. Suppose -n = -4*l + 4*n + 49, -4*n - m = 0. Suppose l*t = 7*t - 319. Is t a composite number?
True
Let s(w) = -w + 12. Let b be s(1). Is b/(66/17829) - 6/(-4) a prime number?
False
Let f be (-10)/6 + 891550/15. Suppose -5*c + 3*i + f = 0, 2*i - 59435 = -5*c + 3*i. Is c prime?
True
Let q(z) = 9 - 39 + 15 - 24*z + 12. Suppose 4 = a - 2*a. Is q(a) a composite number?
True
Let i(w) = 27 + 5*w + 65 - 4*w - 26*w. Is i(-5) prime?
False
Suppose -22*l + 2736 = 2*l. Let v = l + 3437. Is v a composite number?
True
Let p(r) = -8*r**2 - 8*r - 3. Let i be p(-6). Let j be i/(-1*(-2)/(-2)). Let d = j + -20. Is d composite?
False
Suppose -64*x - 570668 + 2024812 = 0. Is x a composite number?
False
Let c = -406562 - -883059. Is c a composite number?
True
Let z be (-12)/14*840/90. Is 12526 - (518/(-112) - (-3)/z) composite?
True
Suppose -2*m + 5*z = -22990, 34467 = 3*m - 23*z + 20*z. Is m composite?
True
Suppose 18*w - 103645 = 219653. Is w composite?
True
Let q be (-18)/15*-1*(-31615)/2. Is (-3 - q/24) + (-21)/56 prime?
True
Let s = 423757 - 49256. Is s a composite number?
False
Let x(t) = -3*t + 174. Let l be x(0). Let j = l - 130. Suppose j = 4*v - 11952. Is v prime?
True
Let v(s) = s + 13. Let f be v(-10). Is (0 + -2)/2 + f - -837 composite?
False
Is ((-7780)/(-28))/((-6)/(-42)) a composite number?
True
Suppose -2*t + 2*n - 2 = 16, -2*n = 5*t + 24. Let h be ((-2228)/(-1))/(-2)*t/(-12). Let o = h + 1696. Is o a composite number?
True
Let r be (9 - -1)/1 + 3. Let h(x) = 8*x**2 - 14*x - 51. Let o(z) = -3*z**2 + 5*z +